{"id":363,"date":"2026-03-12T09:33:15","date_gmt":"2026-03-12T09:33:15","guid":{"rendered":"https:\/\/plabaucoeur.bzh\/?page_id=363"},"modified":"2026-03-12T11:03:11","modified_gmt":"2026-03-12T11:03:11","slug":"video-de-la-reunion-publique-du-10-mars-2026","status":"publish","type":"page","link":"https:\/\/plabaucoeur.bzh\/index.php\/video-de-la-reunion-publique-du-10-mars-2026\/","title":{"rendered":"Vid\u00e9o de la r\u00e9union publique du 10 mars 2026"},"content":{"rendered":"\n<h2 class=\"wp-block-heading has-text-align-center\" style=\"font-size:clamp(2.156rem, 2.156rem + ((1vw - 0.2rem) * 2.736), 3.9rem);\">R\u00e9union publique du 10 mars 2026<\/h2>\n\n\n\n<h2 class=\"wp-block-heading has-text-align-center has-base-color has-text-color has-link-color wp-elements-e0c7184239dfa2231d821615cb3d8ef0\" style=\"font-size:clamp(1.403rem, 1.403rem + ((1vw - 0.2rem) * 1.407), 2.3rem);\">Emvod foran an 10 a viz Meurzh 2026<\/h2>\n\n\n\n<p class=\"has-text-align-center is-style-text-annotation has-accent-5-color has-accent-1-background-color has-text-color has-background has-link-color has-x-large-font-size wp-elements-31c7926216b80431ba08f45416c5119a is-style-text-annotation--1\"><strong>2\u00e8me r\u00e9union publique le mercredi 18 mars \u00e0 20h30, salle Tanguy Malmanche<\/strong><\/p>\n\n\n\n<figure class=\"wp-block-embed is-type-video is-provider-youtube wp-block-embed-youtube wp-embed-aspect-16-9 wp-has-aspect-ratio\"><div class=\"wp-block-embed__wrapper\">\n<iframe loading=\"lazy\" title=\"Plabennec au C\u0153ur - R\u00e9union publique du 10 mars 2026\" width=\"500\" height=\"281\" src=\"https:\/\/www.youtube.com\/embed\/ll_WtxyEaSM?feature=oembed\" frameborder=\"0\" allow=\"accelerometer; autoplay; clipboard-write; encrypted-media; gyroscope; picture-in-picture; web-share\" referrerpolicy=\"strict-origin-when-cross-origin\" allowfullscreen><\/iframe>\n<\/div><\/figure>\n","protected":false},"excerpt":{"rendered":"<p>R\u00e9union publique du 10 mars 2026 Emvod foran an 10 a viz Meurzh 2026 2\u00e8me r\u00e9union publique le mercredi 18 mars \u00e0 20h30, salle Tanguy Malmanche<\/p>\n","protected":false},"author":1,"featured_media":99,"parent":0,"menu_order":0,"comment_status":"closed","ping_status":"closed","template":"","meta":{"footnotes":""},"class_list":["post-363","page","type-page","status-publish","has-post-thumbnail","hentry"],"_links":{"self":[{"href":"https:\/\/plabaucoeur.bzh\/index.php\/wp-json\/wp\/v2\/pages\/363","targetHints":{"allow":["GET"]}}],"collection":[{"href":"https:\/\/plabaucoeur.bzh\/index.php\/wp-json\/wp\/v2\/pages"}],"about":[{"href":"https:\/\/plabaucoeur.bzh\/index.php\/wp-json\/wp\/v2\/types\/page"}],"author":[{"embeddable":true,"href":"https:\/\/plabaucoeur.bzh\/index.php\/wp-json\/wp\/v2\/users\/1"}],"replies":[{"embeddable":true,"href":"https:\/\/plabaucoeur.bzh\/index.php\/wp-json\/wp\/v2\/comments?post=363"}],"version-history":[{"count":4,"href":"https:\/\/plabaucoeur.bzh\/index.php\/wp-json\/wp\/v2\/pages\/363\/revisions"}],"predecessor-version":[{"id":371,"href":"https:\/\/plabaucoeur.bzh\/index.php\/wp-json\/wp\/v2\/pages\/363\/revisions\/371"}],"wp:featuredmedia":[{"embeddable":true,"href":"https:\/\/plabaucoeur.bzh\/index.php\/wp-json\/wp\/v2\/media\/99"}],"wp:attachment":[{"href":"https:\/\/plabaucoeur.bzh\/index.php\/wp-json\/wp\/v2\/media?parent=363"}],"curies":[{"name":"wp","href":"https:\/\/api.w.org\/{rel}","templated":true}]}}

Vidéo de la réunion publique du 10 mars 2026

<h2 class="wp-block-heading has-text-align-center" style="font-size:clamp(2.156rem, 2.156rem + ((1vw - 0.2rem) * 2.736), 3.9rem);">Réunion publique du 10 mars 2026</h2>



<h2 class="wp-block-heading has-text-align-center has-base-color has-text-color has-link-color wp-elements-e0c7184239dfa2231d821615cb3d8ef0" style="font-size:clamp(1.403rem, 1.403rem + ((1vw - 0.2rem) * 1.407), 2.3rem);">Emvod foran an 10 a viz Meurzh 2026</h2>



<p class="has-text-align-center is-style-text-annotation has-accent-5-color has-accent-1-background-color has-text-color has-background has-link-color has-x-large-font-size wp-elements-31c7926216b80431ba08f45416c5119a is-style-text-annotation--1"><strong>2ème réunion publique le mercredi 18 mars à 20h30, salle Tanguy Malmanche</strong></p>



<figure class="wp-block-embed is-type-video is-provider-youtube wp-block-embed-youtube wp-embed-aspect-16-9 wp-has-aspect-ratio"><div class="wp-block-embed__wrapper">
<iframe loading="lazy" title="Plabennec au Cœur - Réunion publique du 10 mars 2026" width="500" height="281" src="https://www.youtube.com/embed/ll_WtxyEaSM?feature=oembed" frameborder="0" allow="accelerometer; autoplay; clipboard-write; encrypted-media; gyroscope; picture-in-picture; web-share" referrerpolicy="strict-origin-when-cross-origin" allowfullscreen></iframe>
</div></figure>

<p>Réunion publique du 10 mars 2026 Emvod foran an 10 a viz Meurzh 2026 2ème réunion publique le mercredi 18 mars à 20h30, salle Tanguy Malmanche</p>
