{"id":233,"date":"2026-02-19T12:53:35","date_gmt":"2026-02-19T12:53:35","guid":{"rendered":"https:\/\/plabaucoeur.bzh\/?page_id=233"},"modified":"2026-02-23T15:22:58","modified_gmt":"2026-02-23T15:22:58","slug":"helene-tonard","status":"publish","type":"page","link":"https:\/\/plabaucoeur.bzh\/index.php\/helene-tonard\/","title":{"rendered":"H\u00e9l\u00e8ne Tonard"},"content":{"rendered":"\n<h2 class=\"wp-block-heading has-text-align-center\" style=\"font-size:clamp(1.837rem, 1.837rem + ((1vw - 0.2rem) * 2.138), 3.2rem);\">Pr\u00e9sentation de H\u00e9l\u00e8ne Tonard, t\u00eate de liste de Plabennec au Coeur<\/h2>\n\n\n\n<h2 class=\"wp-block-heading has-text-align-center has-accent-4-color has-text-color has-link-color wp-elements-d7a507db1e981c68c9ca702705c704ee\" style=\"font-size:clamp(24.526px, 1.533rem + ((1vw - 3.2px) * 1.615), 41px);\">Kinnig H\u00e9l\u00e8ne Tonard, e penn listenn Plabenneg er Galon<\/h2>\n\n\n\n<div class=\"wp-block-group alignfull has-global-padding is-layout-constrained wp-block-group-is-layout-constrained\" style=\"margin-top:0;margin-bottom:0\">\n<div class=\"wp-block-group alignwide is-nowrap is-layout-flex wp-container-core-group-is-layout-bc7696f8 wp-block-group-is-layout-flex\" style=\"padding-top:var(--wp--preset--spacing--50);padding-bottom:var(--wp--preset--spacing--50)\">\n<div class=\"wp-block-group is-vertical is-content-justification-stretch is-nowrap is-layout-flex wp-container-core-group-is-layout-627337ab wp-block-group-is-layout-flex\">\n<div class=\"wp-block-group has-global-padding is-layout-constrained wp-block-group-is-layout-constrained\">\n<p class=\"is-style-default\" style=\"font-size:clamp(0.929rem, 0.929rem + ((1vw - 0.2rem) * 0.739), 1.4rem);\">\u00ab Finist\u00e9rienne d\u2019adoption, j\u2019habite depuis pr\u00e8s de 20 ans \u00e0 Plabennec, o\u00f9 mes 3 enfants ont grandi. Professionnellement, je suis cadre de direction dans une banque coop\u00e9rative locale. J\u2019y manage des \u00e9quipes responsables de projets informatiques. Je me suis investie dans des associations sportives, de parents d\u2019\u00e9l\u00e8ves co-fond\u00e9 des associations citoyennes, notamment pour les mobilit\u00e9s actives. Conseill\u00e8re municipale dans le groupe minoritaire de Plabennec pendant 12 ans, j\u2019aspire \u00e0 ce que chacun puisse bien vivre au sein d\u2019une soci\u00e9t\u00e9 apais\u00e9e. Je suis convaincue que prosp\u00e9rit\u00e9 et sobri\u00e9t\u00e9 sont conciliables. \u00c9lue, j\u2019am\u00e9nagerai mon activit\u00e9 professionnelle pour honorer avec s\u00e9rieux et \u00e9nergie mon mandat de maire.\u00bb<\/p>\n<\/div>\n<\/div>\n\n\n\n<figure class=\"wp-block-video wp-container-content-69bc4bdf\"><video height=\"848\" style=\"aspect-ratio: 480 \/ 848;\" width=\"480\" autoplay controls src=\"https:\/\/plabaucoeur.bzh\/wp-content\/uploads\/2026\/02\/Helene_Tonard.mp4\" playsinline><\/video><\/figure>\n<\/div>\n<\/div>\n\n\n\n<p><\/p>\n","protected":false},"excerpt":{"rendered":"<p>Pr\u00e9sentation de H\u00e9l\u00e8ne Tonard, t\u00eate de liste de Plabennec au Coeur Kinnig H\u00e9l\u00e8ne Tonard, e penn listenn Plabenneg er Galon \u00ab Finist\u00e9rienne d\u2019adoption, j\u2019habite depuis pr\u00e8s de 20 ans \u00e0 Plabennec, o\u00f9 mes 3 enfants ont grandi. Professionnellement, je suis cadre de direction dans une banque coop\u00e9rative locale. J\u2019y manage des \u00e9quipes responsables de projets [&hellip;]<\/p>\n","protected":false},"author":1,"featured_media":99,"parent":0,"menu_order":0,"comment_status":"closed","ping_status":"closed","template":"","meta":{"footnotes":""},"class_list":["post-233","page","type-page","status-publish","has-post-thumbnail","hentry"],"_links":{"self":[{"href":"https:\/\/plabaucoeur.bzh\/index.php\/wp-json\/wp\/v2\/pages\/233","targetHints":{"allow":["GET"]}}],"collection":[{"href":"https:\/\/plabaucoeur.bzh\/index.php\/wp-json\/wp\/v2\/pages"}],"about":[{"href":"https:\/\/plabaucoeur.bzh\/index.php\/wp-json\/wp\/v2\/types\/page"}],"author":[{"embeddable":true,"href":"https:\/\/plabaucoeur.bzh\/index.php\/wp-json\/wp\/v2\/users\/1"}],"replies":[{"embeddable":true,"href":"https:\/\/plabaucoeur.bzh\/index.php\/wp-json\/wp\/v2\/comments?post=233"}],"version-history":[{"count":23,"href":"https:\/\/plabaucoeur.bzh\/index.php\/wp-json\/wp\/v2\/pages\/233\/revisions"}],"predecessor-version":[{"id":353,"href":"https:\/\/plabaucoeur.bzh\/index.php\/wp-json\/wp\/v2\/pages\/233\/revisions\/353"}],"wp:featuredmedia":[{"embeddable":true,"href":"https:\/\/plabaucoeur.bzh\/index.php\/wp-json\/wp\/v2\/media\/99"}],"wp:attachment":[{"href":"https:\/\/plabaucoeur.bzh\/index.php\/wp-json\/wp\/v2\/media?parent=233"}],"curies":[{"name":"wp","href":"https:\/\/api.w.org\/{rel}","templated":true}]}}

Hélène Tonard

<h2 class="wp-block-heading has-text-align-center" style="font-size:clamp(1.837rem, 1.837rem + ((1vw - 0.2rem) * 2.138), 3.2rem);">Présentation de Hélène Tonard, tête de liste de Plabennec au Coeur</h2>



<h2 class="wp-block-heading has-text-align-center has-accent-4-color has-text-color has-link-color wp-elements-d7a507db1e981c68c9ca702705c704ee" style="font-size:clamp(24.526px, 1.533rem + ((1vw - 3.2px) * 1.615), 41px);">Kinnig Hélène Tonard, e penn listenn Plabenneg er Galon</h2>



<div class="wp-block-group alignfull has-global-padding is-layout-constrained wp-block-group-is-layout-constrained" style="margin-top:0;margin-bottom:0">
<div class="wp-block-group alignwide is-nowrap is-layout-flex wp-container-core-group-is-layout-bc7696f8 wp-block-group-is-layout-flex" style="padding-top:var(--wp--preset--spacing--50);padding-bottom:var(--wp--preset--spacing--50)">
<div class="wp-block-group is-vertical is-content-justification-stretch is-nowrap is-layout-flex wp-container-core-group-is-layout-627337ab wp-block-group-is-layout-flex">
<div class="wp-block-group has-global-padding is-layout-constrained wp-block-group-is-layout-constrained">
<p class="is-style-default" style="font-size:clamp(0.929rem, 0.929rem + ((1vw - 0.2rem) * 0.739), 1.4rem);">« Finistérienne d’adoption, j’habite depuis près de 20 ans à Plabennec, où mes 3 enfants ont grandi. Professionnellement, je suis cadre de direction dans une banque coopérative locale. J’y manage des équipes responsables de projets informatiques. Je me suis investie dans des associations sportives, de parents d’élèves co-fondé des associations citoyennes, notamment pour les mobilités actives. Conseillère municipale dans le groupe minoritaire de Plabennec pendant 12 ans, j’aspire à ce que chacun puisse bien vivre au sein d’une société apaisée. Je suis convaincue que prospérité et sobriété sont conciliables. Élue, j’aménagerai mon activité professionnelle pour honorer avec sérieux et énergie mon mandat de maire.»</p>
</div>
</div>



<figure class="wp-block-video wp-container-content-69bc4bdf"><video height="848" style="aspect-ratio: 480 / 848;" width="480" autoplay controls src="https://plabaucoeur.bzh/wp-content/uploads/2026/02/Helene_Tonard.mp4" playsinline></video></figure>
</div>
</div>



<p></p>

<p>Présentation de Hélène Tonard, tête de liste de Plabennec au Coeur Kinnig Hélène Tonard, e penn listenn Plabenneg er Galon « Finistérienne d’adoption, j’habite depuis près de 20 ans à Plabennec, où mes 3 enfants ont grandi. Professionnellement, je suis cadre de direction dans une banque coopérative locale. J’y manage des équipes responsables de projets [&hellip;]</p>
